{"id":6,"date":"2021-02-23T09:23:43","date_gmt":"2021-02-23T08:23:43","guid":{"rendered":"https:\/\/www.isb-bauwesen.de\/?page_id=6"},"modified":"2021-05-04T12:42:39","modified_gmt":"2021-05-04T10:42:39","slug":"leistungen","status":"publish","type":"page","link":"https:\/\/www.isb-bauwesen.de\/index.php\/leistungen\/","title":{"rendered":"Leistungen"},"content":{"rendered":"\r\n<h2><strong>Gutachten<\/strong><\/h2>\r\n<ul>\r\n<li>Schadengutachten\r\n<ul>\r\n<li>Sch\u00e4den an Geb\u00e4uden<\/li>\r\n<li>Baum\u00e4ngel<\/li>\r\n<\/ul>\r\n<\/li>\r\n<li>Bewertung bebauter und unbebauter Immobilien\r\n<ul>\r\n<li>Bewertung bebauter und unbebauter landwirtschaftlicher Immobilien<\/li>\r\n<\/ul>\r\n<\/li>\r\n<li>Bauwerksdiagnostik<\/li>\r\n<li style=\"list-style-type: none;\">\r\n<ul>\r\n<li>Geb\u00e4udediagnostik<\/li>\r\n<li>Analyse der baulichen Konstruktion<\/li>\r\n<li>Bauwerkspr\u00fcfung<\/li>\r\n<li>Thermographie<\/li>\r\n<\/ul>\r\n<\/li>\r\n<li>Wohngeb\u00e4ude- und Versicherungssch\u00e4den\r\n<ul>\r\n<li>technische Schadenabwicklung<\/li>\r\n<li>technische Schadenregulierung<\/li>\r\n<\/ul>\r\n<\/li>\r\n<\/ul>\r\n<p>&nbsp;<\/p>\r\n<h2><strong>Projektmanagement \/ Bauplanung<\/strong><strong>\u00a0<\/strong><\/h2>\r\n<ul>\r\n<li>Projektsteuerung<\/li>\r\n<li>Projektleitung<\/li>\r\n<li>\u00dcbernahme von Auftraggeberfunktionen<\/li>\r\n<li>Koordination und Kontrolle f\u00fcr Auftraggeber<\/li>\r\n<li>Objektplanung\r\n<ul>\r\n<li>Neubau<\/li>\r\n<li>Umbau<\/li>\r\n<li>Modernisierung<\/li>\r\n<\/ul>\r\n<\/li>\r\n<li>Ausschreibung und Vergaben<\/li>\r\n<li>\u00dcberwachung der Ausf\u00fchrung<\/li>\r\n<li>Aufma\u00df- und Rechnungspr\u00fcfungen<\/li>\r\n<li>Abnahmen<\/li>\r\n<\/ul>\r\n<p>&nbsp;<\/p>\r\n<h2><strong>Bauabnahmen<\/strong><\/h2>\r\n<ul>\r\n<li>Bauabnahmen<\/li>\r\n<li>Immobilienabnahmen<\/li>\r\n<li>baubegleitende Objekt\u00fcberwachung<\/li>\r\n<li>Mediation<\/li>\r\n<\/ul>\r\n<p>&nbsp;<\/p>\r\n<h2><strong>Haustechnische Planung<\/strong><\/h2>\r\n<ul>\r\n<li>Planung technischer Ausr\u00fcstung von Geb\u00e4uden\r\n<ul>\r\n<li>Beratung<\/li>\r\n<li>Erarbeitung von Konzepten<\/li>\r\n<\/ul>\r\n<\/li>\r\n<li>Fachplanung f\u00fcr Objekte\r\n<ul>\r\n<li>Neubau<\/li>\r\n<li>Umbau<\/li>\r\n<li>Modernisierung<\/li>\r\n<\/ul>\r\n<\/li>\r\n<li>Versorgungstechnik<\/li>\r\n<li>Bauwerksdiagnostik\r\n<ul>\r\n<li>Geb\u00e4udediagnostik<\/li>\r\n<li>Analyse der technischen Anlagen<\/li>\r\n<li>Analyse des baulichen Brandschutzes<\/li>\r\n<\/ul>\r\n<\/li>\r\n<li>Thermographie<\/li>\r\n<\/ul>\r\n<p>&nbsp;<\/p>\r\n<h2><strong>Reitanlagenplanung \/ landwirtschaftliche Planung<\/strong><\/h2>\r\n<ul>\r\n<li>Individuelle Planung kompletter Reitanlagen, -pensionen und landwirtschaftlicher Anwesen\r\n<ul>\r\n<li>Neubau<\/li>\r\n<li>Umbau<\/li>\r\n<li>Modernisierung<\/li>\r\n<li>Aktivst\u00e4lle<\/li>\r\n<\/ul>\r\n<\/li>\r\n<\/ul>\r\n<ul>\r\n<li>Planung von Stallanlagen\r\n<ul>\r\n<li>Milchviehst\u00e4lle mit Laufhof<\/li>\r\n<li>Au\u00dfenklimast\u00e4lle<\/li>\r\n<li>Modernisierung von St\u00e4llen mit kleinen Best\u00e4nden<\/li>\r\n<\/ul>\r\n<\/li>\r\n<\/ul>\r\n","protected":false},"excerpt":{"rendered":"<p>Gutachten Schadengutachten Sch\u00e4den an Geb\u00e4uden Baum\u00e4ngel Bewertung bebauter und unbebauter Immobilien Bewertung bebauter und unbebauter landwirtschaftlicher Immobilien Bauwerksdiagnostik Geb\u00e4udediagnostik Analyse der baulichen Konstruktion Bauwerkspr\u00fcfung Thermographie Wohngeb\u00e4ude- und Versicherungssch\u00e4den technische Schadenabwicklung technische Schadenregulierung &nbsp; Projektmanagement \/ Bauplanung\u00a0 Projektsteuerung Projektleitung \u00dcbernahme von Auftraggeberfunktionen Koordination und Kontrolle f\u00fcr Auftraggeber Objektplanung Neubau Umbau Modernisierung Ausschreibung und Vergaben \u00dcberwachung der&hellip;&nbsp;<a href=\"https:\/\/www.isb-bauwesen.de\/index.php\/leistungen\/\" class=\"\" rel=\"bookmark\">Weiterlesen &raquo;<span class=\"screen-reader-text\">Leistungen<\/span><\/a><\/p>\n","protected":false},"author":1,"featured_media":0,"parent":0,"menu_order":0,"comment_status":"closed","ping_status":"closed","template":"","meta":{"neve_meta_sidebar":"","neve_meta_container":"","neve_meta_enable_content_width":"off","neve_meta_content_width":0,"neve_meta_title_alignment":"","neve_meta_author_avatar":"","neve_post_elements_order":"","neve_meta_disable_header":"","neve_meta_disable_footer":"","neve_meta_disable_title":"","footnotes":""},"_links":{"self":[{"href":"https:\/\/www.isb-bauwesen.de\/index.php\/wp-json\/wp\/v2\/pages\/6"}],"collection":[{"href":"https:\/\/www.isb-bauwesen.de\/index.php\/wp-json\/wp\/v2\/pages"}],"about":[{"href":"https:\/\/www.isb-bauwesen.de\/index.php\/wp-json\/wp\/v2\/types\/page"}],"author":[{"embeddable":true,"href":"https:\/\/www.isb-bauwesen.de\/index.php\/wp-json\/wp\/v2\/users\/1"}],"replies":[{"embeddable":true,"href":"https:\/\/www.isb-bauwesen.de\/index.php\/wp-json\/wp\/v2\/comments?post=6"}],"version-history":[{"count":6,"href":"https:\/\/www.isb-bauwesen.de\/index.php\/wp-json\/wp\/v2\/pages\/6\/revisions"}],"predecessor-version":[{"id":85,"href":"https:\/\/www.isb-bauwesen.de\/index.php\/wp-json\/wp\/v2\/pages\/6\/revisions\/85"}],"wp:attachment":[{"href":"https:\/\/www.isb-bauwesen.de\/index.php\/wp-json\/wp\/v2\/media?parent=6"}],"curies":[{"name":"wp","href":"https:\/\/api.w.org\/{rel}","templated":true}]}}